{"id":10,"date":"2019-06-08T16:33:30","date_gmt":"2019-06-08T14:33:30","guid":{"rendered":"http:\/\/hagyaripartners.sk\/index.php\/oneline-home\/"},"modified":"2025-03-22T07:08:23","modified_gmt":"2025-03-22T06:08:23","slug":"oneline-home","status":"publish","type":"page","link":"https:\/\/hagyaripartners.sk\/","title":{"rendered":"Domov"},"content":{"rendered":"<div class=\"so-widget-sow-image so-widget-sow-image-default-72463164d13f\">\n\n<div class=\"sow-image-container\">\n\t\t<img alt=\"\" loading=\"lazy\" \t\tclass=\"so-widget-image\"\/>\n\t<\/div>\n\n<\/div>            <style type=\"text\/css\">.so-widget-sow-image-default-72463164d13f .sow-image-container {\n  display: flex;\n  align-items: flex-start;\n}\n.so-widget-sow-image-default-72463164d13f .sow-image-container > a {\n  display: inline-block;\n  \n  \n}\n@media screen and (-ms-high-contrast: active), screen and (-ms-high-contrast: none) {\n  .so-widget-sow-image-default-72463164d13f .sow-image-container > a {\n    display: flex;\n  }\n}\n.so-widget-sow-image-default-72463164d13f .sow-image-container .so-widget-image {\n  display: block;\n  \n  \n  \n}<\/style>\n\n<div id=\"pl-gb10-69ecb474787bb\"  class=\"panel-layout\" ><div id=\"pg-gb10-69ecb474787bb-0\"  class=\"panel-grid panel-has-style\" ><div class=\"siteorigin-panels-stretch panel-row-style panel-row-style-for-gb10-69ecb474787bb-0\" data-stretch-type=\"full-stretched\" ><div id=\"pgc-gb10-69ecb474787bb-0-0\"  class=\"panel-grid-cell\" ><div id=\"panel-gb10-69ecb474787bb-0-0-0\" class=\"so-panel widget widget_sow-image panel-first-child panel-last-child\" data-index=\"0\" ><div class=\"so-widget-sow-image so-widget-sow-image-default-72463164d13f-10\">\n\n<div class=\"sow-image-container\">\n\t\t<img decoding=\"async\" src=\"https:\/\/hagyaripartners.sk\/wp-content\/uploads\/2019\/06\/samuel-zeller-4138-unsplash_orez1.jpg\" width=\"4208\" height=\"2171\" srcset=\"https:\/\/hagyaripartners.sk\/wp-content\/uploads\/2019\/06\/samuel-zeller-4138-unsplash_orez1.jpg 4208w, https:\/\/hagyaripartners.sk\/wp-content\/uploads\/2019\/06\/samuel-zeller-4138-unsplash_orez1-300x155.jpg 300w, https:\/\/hagyaripartners.sk\/wp-content\/uploads\/2019\/06\/samuel-zeller-4138-unsplash_orez1-768x396.jpg 768w, https:\/\/hagyaripartners.sk\/wp-content\/uploads\/2019\/06\/samuel-zeller-4138-unsplash_orez1-1024x528.jpg 1024w\" sizes=\"auto, (max-width: 4208px) 100vw, 4208px\" alt=\"\" loading=\"lazy\" \t\tclass=\"so-widget-image\"\/>\n\t<\/div>\n\n<\/div><\/div><\/div><\/div><\/div><div id=\"pg-gb10-69ecb474787bb-1\"  class=\"panel-grid panel-has-style\" ><div class=\"siteorigin-panels-stretch panel-row-style panel-row-style-for-gb10-69ecb474787bb-1\" id=\"onas\" data-stretch-type=\"full\" ><div id=\"pgc-gb10-69ecb474787bb-1-0\"  class=\"panel-grid-cell\" ><div id=\"panel-gb10-69ecb474787bb-1-0-0\" class=\"so-panel widget widget_sow-headline panel-first-child panel-last-child\" data-index=\"1\" ><div class=\"so-widget-sow-headline so-widget-sow-headline-default-d07e1e83720a-10\"><div class=\"sow-headline-container \">\n\t<h1 class='sow-headline'>O N\u00c1S<\/h1>\t\t\t\t\t<div class=\"decoration\">\n\t\t\t\t\t\t<div class=\"decoration-inside\"><\/div>\n\t\t\t\t\t<\/div>\n\t\t\t\t\t<\/div><\/div><\/div><\/div><\/div><\/div><div id=\"pg-gb10-69ecb474787bb-2\"  class=\"panel-grid panel-no-style\" ><div id=\"pgc-gb10-69ecb474787bb-2-0\"  class=\"panel-grid-cell panel-grid-cell-empty\" ><\/div><div id=\"pgc-gb10-69ecb474787bb-2-1\"  class=\"panel-grid-cell\" ><div id=\"panel-gb10-69ecb474787bb-2-1-0\" class=\"so-panel widget widget_sow-editor panel-first-child panel-last-child\" data-index=\"2\" ><div class=\"so-widget-sow-editor so-widget-sow-editor-base\">\n<div class=\"siteorigin-widget-tinymce textwidget\">\n\t<p style=\"text-align: left;\">Hagyari &amp; Partners, s. r. o. je dynamicky rozv\u00edjaj\u00faca sa advok\u00e1tska kancel\u00e1ria. Na\u0161im cie\u013eom je najm\u00e4 poskytovanie kvalitn\u00fdch pr\u00e1vnych slu\u017eieb a pr\u00e1vneho poradenstva v r\u00f4znych odvetviach pr\u00e1va. Dlhoro\u010dn\u00e9 sk\u00fasenosti v pr\u00e1vnej praxi zaru\u010duj\u00fa istotu odborn\u00e9ho a individu\u00e1lneho pr\u00edstupu ku ka\u017ed\u00e9mu klientovi. Pri poskytovan\u00ed pr\u00e1vnych slu\u017eieb je pre n\u00e1s d\u00f4le\u017eit\u00e9 poskytn\u00fa\u0165 komplexn\u00e9 pr\u00e1vne poradenstvo s cie\u013eom dosiahnu\u0165 \u010do najefekt\u00edvnej\u0161ie rie\u0161enie Va\u0161ich pr\u00e1vnych ot\u00e1zok.<\/p>\n<\/div>\n<\/div><\/div><\/div><div id=\"pgc-gb10-69ecb474787bb-2-2\"  class=\"panel-grid-cell panel-grid-cell-mobile-last\" ><div id=\"panel-gb10-69ecb474787bb-2-2-0\" class=\"so-panel widget widget_sow-image panel-first-child panel-last-child\" data-index=\"3\" ><div class=\"so-widget-sow-image so-widget-sow-image-default-d6014b76747a-10\">\n\n<div class=\"sow-image-container\">\n\t\t<img decoding=\"async\" src=\"https:\/\/hagyaripartners.sk\/wp-content\/uploads\/2019\/06\/helloquence-51716-unsplash.jpg\" width=\"7360\" height=\"4912\" srcset=\"https:\/\/hagyaripartners.sk\/wp-content\/uploads\/2019\/06\/helloquence-51716-unsplash.jpg 7360w, https:\/\/hagyaripartners.sk\/wp-content\/uploads\/2019\/06\/helloquence-51716-unsplash-300x200.jpg 300w, https:\/\/hagyaripartners.sk\/wp-content\/uploads\/2019\/06\/helloquence-51716-unsplash-768x513.jpg 768w, https:\/\/hagyaripartners.sk\/wp-content\/uploads\/2019\/06\/helloquence-51716-unsplash-1024x683.jpg 1024w, https:\/\/hagyaripartners.sk\/wp-content\/uploads\/2019\/06\/helloquence-51716-unsplash-275x184.jpg 275w, https:\/\/hagyaripartners.sk\/wp-content\/uploads\/2019\/06\/helloquence-51716-unsplash-244x164.jpg 244w, https:\/\/hagyaripartners.sk\/wp-content\/uploads\/2019\/06\/helloquence-51716-unsplash-272x182.jpg 272w\" sizes=\"auto, (max-width: 7360px) 100vw, 7360px\" alt=\"\" loading=\"lazy\" \t\tclass=\"so-widget-image\"\/>\n\t<\/div>\n\n<\/div><\/div><\/div><div id=\"pgc-gb10-69ecb474787bb-2-3\"  class=\"panel-grid-cell panel-grid-cell-empty\" ><\/div><\/div><div id=\"pg-gb10-69ecb474787bb-3\"  class=\"panel-grid panel-has-style\" ><div class=\"siteorigin-panels-stretch panel-row-style panel-row-style-for-gb10-69ecb474787bb-3\" id=\"ludia\" data-stretch-type=\"full\" ><div id=\"pgc-gb10-69ecb474787bb-3-0\"  class=\"panel-grid-cell\" ><div id=\"panel-gb10-69ecb474787bb-3-0-0\" class=\"so-panel widget widget_sow-headline panel-first-child\" data-index=\"4\" ><div class=\"so-widget-sow-headline so-widget-sow-headline-default-c4598833c3a9-10\"><div class=\"sow-headline-container \">\n\t\t\t\t\t\t<div class=\"decoration\">\n\t\t\t\t\t\t<div class=\"decoration-inside\"><\/div>\n\t\t\t\t\t<\/div>\n\t\t\t\t\t<\/div><\/div><\/div><div id=\"panel-gb10-69ecb474787bb-3-0-1\" class=\"so-panel widget widget_sow-headline panel-last-child\" data-index=\"5\" ><div class=\"so-widget-sow-headline so-widget-sow-headline-default-d07e1e83720a-10\"><div class=\"sow-headline-container \">\n\t<h1 class='sow-headline'>\u013dUDIA<\/h1>\t\t\t\t\t<div class=\"decoration\">\n\t\t\t\t\t\t<div class=\"decoration-inside\"><\/div>\n\t\t\t\t\t<\/div>\n\t\t\t\t\t<\/div><\/div><\/div><\/div><\/div><\/div><div id=\"pg-gb10-69ecb474787bb-4\"  class=\"panel-grid panel-has-style\" ><div class=\"siteorigin-panels-stretch panel-row-style panel-row-style-for-gb10-69ecb474787bb-4\" data-stretch-type=\"full-stretched\" ><div id=\"pgc-gb10-69ecb474787bb-4-0\"  class=\"panel-grid-cell panel-grid-cell-empty\" ><\/div><div id=\"pgc-gb10-69ecb474787bb-4-1\"  class=\"panel-grid-cell panel-grid-cell-mobile-last\" ><div id=\"panel-gb10-69ecb474787bb-4-1-0\" class=\"so-panel widget widget_sow-image panel-first-child\" data-index=\"6\" ><div class=\"so-widget-sow-image so-widget-sow-image-default-d6014b76747a-10\">\n\n<div class=\"sow-image-container\">\n\t\t\t<a\n\t\t\thref=\"https:\/\/hagyaripartners.sk\/index.php\/pavel-hagyari\/\"\n\t\t\t\t\t>\n\t\t\t<img decoding=\"async\" src=\"https:\/\/hagyaripartners.sk\/wp-content\/uploads\/2019\/06\/jason-leung-772366-unsplash.jpg\" width=\"4000\" height=\"6000\" srcset=\"https:\/\/hagyaripartners.sk\/wp-content\/uploads\/2019\/06\/jason-leung-772366-unsplash.jpg 4000w, https:\/\/hagyaripartners.sk\/wp-content\/uploads\/2019\/06\/jason-leung-772366-unsplash-200x300.jpg 200w, https:\/\/hagyaripartners.sk\/wp-content\/uploads\/2019\/06\/jason-leung-772366-unsplash-768x1152.jpg 768w, https:\/\/hagyaripartners.sk\/wp-content\/uploads\/2019\/06\/jason-leung-772366-unsplash-683x1024.jpg 683w\" sizes=\"auto, (max-width: 4000px) 100vw, 4000px\" alt=\"\" loading=\"lazy\" \t\tclass=\"so-widget-image\"\/>\n\t<\/a><\/div>\n\n<\/div><\/div><div id=\"panel-gb10-69ecb474787bb-4-1-1\" class=\"so-panel widget widget_sow-editor panel-last-child\" data-index=\"7\" ><div class=\"panel-widget-style panel-widget-style-for-gb10-69ecb474787bb-4-1-1\" ><div class=\"so-widget-sow-editor so-widget-sow-editor-base\">\n<div class=\"siteorigin-widget-tinymce textwidget\">\n\t<h6 class=\"q_team_name\" style=\"text-align: center;\"><a href=\"http:\/\/hagyaripartners.sk\/index.php\/pavel-hagyari\/\">JUDr. Pavel Hagyari, PhD. MBA.<\/a><\/h6>\n<p style=\"text-align: center;\">ved\u00faci advok\u00e1t<\/p>\n<\/div>\n<\/div><\/div><\/div><\/div><div id=\"pgc-gb10-69ecb474787bb-4-2\"  class=\"panel-grid-cell panel-grid-cell-empty\" ><\/div><\/div><\/div><div id=\"pg-gb10-69ecb474787bb-5\"  class=\"panel-grid panel-has-style\" ><div class=\"siteorigin-panels-stretch panel-row-style panel-row-style-for-gb10-69ecb474787bb-5\" id=\"kontakt\" data-stretch-type=\"full\" ><div id=\"pgc-gb10-69ecb474787bb-5-0\"  class=\"panel-grid-cell\" ><div id=\"panel-gb10-69ecb474787bb-5-0-0\" class=\"so-panel widget widget_sow-headline panel-first-child panel-last-child\" data-index=\"8\" ><div class=\"so-widget-sow-headline so-widget-sow-headline-default-d07e1e83720a-10\"><div class=\"sow-headline-container \">\n\t<h1 class='sow-headline'>KONTAKT<\/h1>\t\t\t\t\t<div class=\"decoration\">\n\t\t\t\t\t\t<div class=\"decoration-inside\"><\/div>\n\t\t\t\t\t<\/div>\n\t\t\t\t\t<\/div><\/div><\/div><\/div><\/div><\/div><div id=\"pg-gb10-69ecb474787bb-6\"  class=\"panel-grid panel-has-style\" ><div class=\"siteorigin-panels-stretch panel-row-style panel-row-style-for-gb10-69ecb474787bb-6\" id=\"contact-2\" data-stretch-type=\"full\" ><div id=\"pgc-gb10-69ecb474787bb-6-0\"  class=\"panel-grid-cell panel-grid-cell-empty\" ><\/div><div id=\"pgc-gb10-69ecb474787bb-6-1\"  class=\"panel-grid-cell\" ><div id=\"panel-gb10-69ecb474787bb-6-1-0\" class=\"so-panel widget widget_sow-editor panel-first-child\" data-index=\"9\" ><div class=\"panel-widget-style panel-widget-style-for-gb10-69ecb474787bb-6-1-0\" ><div class=\"so-widget-sow-editor so-widget-sow-editor-base\">\n<div class=\"siteorigin-widget-tinymce textwidget\">\n\t<h3>Kontakt<\/h3>\n<p style=\"text-align: left;\">Advok\u00e1tska kancel\u00e1ria<br \/>\nHagyari &amp; Partners, s.r.o.<br \/>\nVl\u010dkova 8\/A<br \/>\n811 04 Bratislava<br \/>\nSlovensko<\/p>\n<p>I\u010cO: 51 473 208<br \/>\nI\u010c DPH: SK2120733054<br \/>\nSpolo\u010dnos\u0165 zap\u00edsan\u00e1 v obchodnom registri MS Bratislava III Oddiel: Sro, Vlo\u017eka \u010d\u00edslo: 128687\/B<\/p>\n<p style=\"text-align: left;\">\u2709\ufe0f office@hagyaripartners.sk<\/p>\n<p>+421 903 458 909<\/p>\n<\/div>\n<\/div><\/div><\/div><div id=\"panel-gb10-69ecb474787bb-6-1-1\" class=\"so-panel widget widget_sow-editor panel-last-child\" data-index=\"10\" ><div class=\"so-widget-sow-editor so-widget-sow-editor-base\">\n<div class=\"siteorigin-widget-tinymce textwidget\">\n\t<\/div>\n<\/div><\/div><\/div><div id=\"pgc-gb10-69ecb474787bb-6-2\"  class=\"panel-grid-cell panel-grid-cell-mobile-last\" ><div id=\"panel-gb10-69ecb474787bb-6-2-0\" class=\"so-panel widget widget_text panel-first-child panel-last-child\" data-index=\"11\" >\t\t\t<div class=\"textwidget\"><\/div>\n\t\t<\/div><\/div><div id=\"pgc-gb10-69ecb474787bb-6-3\"  class=\"panel-grid-cell panel-grid-cell-empty\" ><\/div><\/div><\/div><\/div>\n\n\n<p><\/p>\n","protected":false},"excerpt":{"rendered":"","protected":false},"author":1,"featured_media":0,"parent":0,"menu_order":0,"comment_status":"closed","ping_status":"closed","template":"elementor_header_footer","meta":{"_exactmetrics_skip_tracking":false,"_exactmetrics_sitenote_active":false,"_exactmetrics_sitenote_note":"","_exactmetrics_sitenote_category":0,"footnotes":""},"class_list":["post-10","page","type-page","status-publish","hentry"],"_links":{"self":[{"href":"https:\/\/hagyaripartners.sk\/index.php\/wp-json\/wp\/v2\/pages\/10","targetHints":{"allow":["GET"]}}],"collection":[{"href":"https:\/\/hagyaripartners.sk\/index.php\/wp-json\/wp\/v2\/pages"}],"about":[{"href":"https:\/\/hagyaripartners.sk\/index.php\/wp-json\/wp\/v2\/types\/page"}],"author":[{"embeddable":true,"href":"https:\/\/hagyaripartners.sk\/index.php\/wp-json\/wp\/v2\/users\/1"}],"replies":[{"embeddable":true,"href":"https:\/\/hagyaripartners.sk\/index.php\/wp-json\/wp\/v2\/comments?post=10"}],"version-history":[{"count":74,"href":"https:\/\/hagyaripartners.sk\/index.php\/wp-json\/wp\/v2\/pages\/10\/revisions"}],"predecessor-version":[{"id":262,"href":"https:\/\/hagyaripartners.sk\/index.php\/wp-json\/wp\/v2\/pages\/10\/revisions\/262"}],"wp:attachment":[{"href":"https:\/\/hagyaripartners.sk\/index.php\/wp-json\/wp\/v2\/media?parent=10"}],"curies":[{"name":"wp","href":"https:\/\/api.w.org\/{rel}","templated":true}]}}